{"id":1714,"date":"2026-03-18T16:01:22","date_gmt":"2026-03-18T16:01:22","guid":{"rendered":"https:\/\/merseo.online\/index.php\/product\/soporte-triple-zapata-para-camara\/"},"modified":"2026-03-18T16:01:24","modified_gmt":"2026-03-18T16:01:24","slug":"soporte-triple-zapata-para-camara","status":"publish","type":"product","link":"https:\/\/merseo.online\/index.php\/product\/soporte-triple-zapata-para-camara\/","title":{"rendered":"Soporte Triple Zapata para C\u00e1mara"},"content":{"rendered":"<p>Soporte triple con rosca de 1\/4&#8243;, dise\u00f1ada para c\u00e1maras de montaje, tr\u00edpodes, grips, flashes, monitores LED y equipos de video, asegurando un agarre seguro y un ajuste preciso para la producci\u00f3n cinematogr\u00e1fica.<\/p>\n","protected":false},"excerpt":{"rendered":"<p>Soporte triple con rosca de 1\/4&#8243;, dise\u00f1ada para c\u00e1maras de montaje, tr\u00edpodes, grips, flashes, monitores LED y equipos de video, asegurando un agarre seguro y un ajuste preciso para la producci\u00f3n cinematogr\u00e1fica.<\/p>\n","protected":false},"featured_media":1711,"comment_status":"open","ping_status":"closed","template":"","meta":[],"product_brand":[],"product_cat":[41,25],"product_tag":[209,207,208,206],"class_list":{"0":"post-1714","1":"product","2":"type-product","3":"status-publish","4":"has-post-thumbnail","6":"product_cat-accesorios-camara","7":"product_cat-camaras","8":"product_tag-soporte-camara-triple-zapata","9":"product_tag-soportecamara","10":"product_tag-soportecamaradslr","11":"product_tag-soportetriplezapata","13":"first","14":"instock","15":"sale","16":"shipping-taxable","17":"purchasable","18":"product-type-simple"},"jetpack_sharing_enabled":true,"_links":{"self":[{"href":"https:\/\/merseo.online\/index.php\/wp-json\/wp\/v2\/product\/1714","targetHints":{"allow":["GET"]}}],"collection":[{"href":"https:\/\/merseo.online\/index.php\/wp-json\/wp\/v2\/product"}],"about":[{"href":"https:\/\/merseo.online\/index.php\/wp-json\/wp\/v2\/types\/product"}],"replies":[{"embeddable":true,"href":"https:\/\/merseo.online\/index.php\/wp-json\/wp\/v2\/comments?post=1714"}],"wp:featuredmedia":[{"embeddable":true,"href":"https:\/\/merseo.online\/index.php\/wp-json\/wp\/v2\/media\/1711"}],"wp:attachment":[{"href":"https:\/\/merseo.online\/index.php\/wp-json\/wp\/v2\/media?parent=1714"}],"wp:term":[{"taxonomy":"product_brand","embeddable":true,"href":"https:\/\/merseo.online\/index.php\/wp-json\/wp\/v2\/product_brand?post=1714"},{"taxonomy":"product_cat","embeddable":true,"href":"https:\/\/merseo.online\/index.php\/wp-json\/wp\/v2\/product_cat?post=1714"},{"taxonomy":"product_tag","embeddable":true,"href":"https:\/\/merseo.online\/index.php\/wp-json\/wp\/v2\/product_tag?post=1714"}],"curies":[{"name":"wp","href":"https:\/\/api.w.org\/{rel}","templated":true}]}}