{"id":1697,"date":"2026-03-18T01:09:38","date_gmt":"2026-03-18T01:09:38","guid":{"rendered":"https:\/\/merseo.online\/index.php\/product\/switch-de-8-puertos-gigabit-ethernet\/"},"modified":"2026-03-18T01:09:40","modified_gmt":"2026-03-18T01:09:40","slug":"switch-de-8-puertos-gigabit-ethernet","status":"publish","type":"product","link":"https:\/\/merseo.online\/index.php\/product\/switch-de-8-puertos-gigabit-ethernet\/","title":{"rendered":"Switch de 8 Puertos Gigabit Ethernet"},"content":{"rendered":"<p>Switch Gigabit 10\/100\/1000Mbps, 8 Puertos en Carcasa Met\u00e1lica, Alimentaci\u00f3n USB para Escritorio, Adaptador Ethernet RJ45 Plug-and-Play con Cambio Autom\u00e1tico MDI\/MDIX R\u00e1pido, Ideal para Hogar\/Dormitorio y Oficina &#8211; M\u00faltiples Opciones de Conexi\u00f3n<\/p>\n<p>INCLUYE<br \/>\n1 x Switch Gigabit de 8 puertos &#8211; carcasa met\u00e1lica.<br \/>\n1 x Cable USB a DC5.5*2.1 (Sin adaptador AC)<\/p>\n","protected":false},"excerpt":{"rendered":"<p>Switch Gigabit 10\/100\/1000Mbps, 8 Puertos en Carcasa Met\u00e1lica, Alimentaci\u00f3n USB para Escritorio, Adaptador Ethernet RJ45 Plug-and-Play con Cambio Autom\u00e1tico MDI\/MDIX R\u00e1pido, Ideal para Hogar\/Dormitorio y Oficina &#8211; M\u00faltiples Opciones de Conexi\u00f3n INCLUYE 1 x Switch Gigabit de 8 puertos &#8211; carcasa met\u00e1lica. 1 x Cable USB a DC5.5*2.1 (Sin adaptador AC)<\/p>\n","protected":false},"featured_media":1696,"comment_status":"open","ping_status":"closed","template":"","meta":[],"product_brand":[],"product_cat":[26,27],"product_tag":[198,196,197],"class_list":{"0":"post-1697","1":"product","2":"type-product","3":"status-publish","4":"has-post-thumbnail","6":"product_cat-electronicos","7":"product_cat-tecnologia","8":"product_tag-switch8ports","9":"product_tag-switchethernet","10":"product_tag-switchgigabit","12":"first","13":"instock","14":"shipping-taxable","15":"purchasable","16":"product-type-simple"},"jetpack_sharing_enabled":true,"_links":{"self":[{"href":"https:\/\/merseo.online\/index.php\/wp-json\/wp\/v2\/product\/1697","targetHints":{"allow":["GET"]}}],"collection":[{"href":"https:\/\/merseo.online\/index.php\/wp-json\/wp\/v2\/product"}],"about":[{"href":"https:\/\/merseo.online\/index.php\/wp-json\/wp\/v2\/types\/product"}],"replies":[{"embeddable":true,"href":"https:\/\/merseo.online\/index.php\/wp-json\/wp\/v2\/comments?post=1697"}],"wp:featuredmedia":[{"embeddable":true,"href":"https:\/\/merseo.online\/index.php\/wp-json\/wp\/v2\/media\/1696"}],"wp:attachment":[{"href":"https:\/\/merseo.online\/index.php\/wp-json\/wp\/v2\/media?parent=1697"}],"wp:term":[{"taxonomy":"product_brand","embeddable":true,"href":"https:\/\/merseo.online\/index.php\/wp-json\/wp\/v2\/product_brand?post=1697"},{"taxonomy":"product_cat","embeddable":true,"href":"https:\/\/merseo.online\/index.php\/wp-json\/wp\/v2\/product_cat?post=1697"},{"taxonomy":"product_tag","embeddable":true,"href":"https:\/\/merseo.online\/index.php\/wp-json\/wp\/v2\/product_tag?post=1697"}],"curies":[{"name":"wp","href":"https:\/\/api.w.org\/{rel}","templated":true}]}}