{"id":1523,"date":"2026-01-29T22:01:04","date_gmt":"2026-01-29T22:01:04","guid":{"rendered":"https:\/\/merseo.online\/index.php\/product\/intervalometro-para-camara-sony\/"},"modified":"2026-01-29T22:01:06","modified_gmt":"2026-01-29T22:01:06","slug":"intervalometro-para-camara-sony","status":"publish","type":"product","link":"https:\/\/merseo.online\/index.php\/product\/intervalometro-para-camara-sony\/","title":{"rendered":"Intervalometro para c\u00e1mara SONY"},"content":{"rendered":"<p>Intervalometro AODELAN TRS-1 para camaras SONY ideal para hacer tus timelapse y Astrofotograf\u00eda<\/p>\n<p>El paquete incluye:<\/p>\n<p>1 X temporizador de control remoto AODELAN<br \/>\n1 cable de conexi\u00f3n<br \/>\n1 X eslinga de cord\u00f3n<br \/>\n1 manual de instrucciones<\/p>\n<p>Caracter\u00edsticas del producto<\/p>\n<p>&gt; Este control remoto con temporizador por cable admite el modo de liberaci\u00f3n del obturador y el modo de temporizador<\/p>\n<p>&gt; La configuraci\u00f3n de tiempo puede tener una precisi\u00f3n de 0,1 segundos.<\/p>\n<p>&gt; 5 ajustes para el control de tiempo: retraso (temporizador autom\u00e1tico), intervalo (temporizador de intervalo) y largo (temporizador de exposici\u00f3n), N (Configuraci\u00f3n de n\u00famero de fotogramas); BKLN (ajuste de exposici\u00f3n temporizado autom\u00e1tico para HDR, liberaci\u00f3n del obturador con disparos instant\u00e1neos, continuos de 3, 5 o 7).<\/p>\n<p>&gt; 4 modo de liberaci\u00f3n del obturador: disparo \u00fanico, modos de retardo de 2 segundos, disparo continuo, exposici\u00f3n de la bombilla y est\u00e1n disponibles.<\/p>\n<p>Compatible con:<br \/>\nSony ZV1, A7SIII, A7RIV, A7RIII, A7RII, A7III, A7II, A7SII, A6100, A6300, A6400, A6600, etc (ver foto 2)<\/p>\n","protected":false},"excerpt":{"rendered":"<p>Intervalometro AODELAN TRS-1 para camaras SONY ideal para hacer tus timelapse y Astrofotograf\u00eda El paquete incluye: 1 X temporizador de control remoto AODELAN 1 cable de conexi\u00f3n 1 X eslinga de cord\u00f3n 1 manual de instrucciones Caracter\u00edsticas del producto &gt; Este control remoto con temporizador por cable admite el modo de liberaci\u00f3n del obturador y [&hellip;]<\/p>\n","protected":false},"featured_media":1520,"comment_status":"open","ping_status":"closed","template":"","meta":[],"product_brand":[],"product_cat":[41,25],"product_tag":[114,113,115],"class_list":{"0":"post-1523","1":"product","2":"type-product","3":"status-publish","4":"has-post-thumbnail","6":"product_cat-accesorios-camara","7":"product_cat-camaras","8":"product_tag-disparador-camara-sony","9":"product_tag-intervalo-metro-sony","10":"product_tag-shutter-sony-a6000-a6100-a6300-a6400-a6500-a7-a7ii-a7iii-zv-e10-zv-e10","12":"first","13":"instock","14":"shipping-taxable","15":"purchasable","16":"product-type-simple"},"jetpack_sharing_enabled":true,"_links":{"self":[{"href":"https:\/\/merseo.online\/index.php\/wp-json\/wp\/v2\/product\/1523","targetHints":{"allow":["GET"]}}],"collection":[{"href":"https:\/\/merseo.online\/index.php\/wp-json\/wp\/v2\/product"}],"about":[{"href":"https:\/\/merseo.online\/index.php\/wp-json\/wp\/v2\/types\/product"}],"replies":[{"embeddable":true,"href":"https:\/\/merseo.online\/index.php\/wp-json\/wp\/v2\/comments?post=1523"}],"wp:featuredmedia":[{"embeddable":true,"href":"https:\/\/merseo.online\/index.php\/wp-json\/wp\/v2\/media\/1520"}],"wp:attachment":[{"href":"https:\/\/merseo.online\/index.php\/wp-json\/wp\/v2\/media?parent=1523"}],"wp:term":[{"taxonomy":"product_brand","embeddable":true,"href":"https:\/\/merseo.online\/index.php\/wp-json\/wp\/v2\/product_brand?post=1523"},{"taxonomy":"product_cat","embeddable":true,"href":"https:\/\/merseo.online\/index.php\/wp-json\/wp\/v2\/product_cat?post=1523"},{"taxonomy":"product_tag","embeddable":true,"href":"https:\/\/merseo.online\/index.php\/wp-json\/wp\/v2\/product_tag?post=1523"}],"curies":[{"name":"wp","href":"https:\/\/api.w.org\/{rel}","templated":true}]}}