{"id":1387,"date":"2026-01-18T14:57:16","date_gmt":"2026-01-18T14:57:16","guid":{"rendered":"https:\/\/merseo.online\/index.php\/product\/mochila-profesional-grande-de-43cm-para-camara-lente-accesorios\/"},"modified":"2026-01-18T14:57:18","modified_gmt":"2026-01-18T14:57:18","slug":"mochila-profesional-grande-de-43cm-para-camara-lente-accesorios","status":"publish","type":"product","link":"https:\/\/merseo.online\/index.php\/product\/mochila-profesional-grande-de-43cm-para-camara-lente-accesorios\/","title":{"rendered":"Mochila profesional GRANDE de 43cm para C\u00e1mara, lente, accesorios"},"content":{"rendered":"<p>Mochila para c\u00e1mara fotogr\u00e1fica.<\/p>\n<p>Mochila elegante compatible con la mayor\u00eda de las c\u00e1maras DSLR.<\/p>\n<p>La Mochila tiene una secci\u00f3n para port\u00e1til de hasta 15,6 \u00ab.<\/p>\n<p>Sostiene el cuerpo de la c\u00e1mara DSLR con lente adjunta y 3-4 lentes y accesorios adicionales.<\/p>\n<p>Sistema de fijaci\u00f3n de tr\u00edpode.<\/p>\n<p>Los separadores ajustables y acolchados te permiten personalizar el compartimento de la c\u00e1mara.<\/p>\n<p>Bolsillo externo de malla para accesorios o botella de agua.<\/p>\n<p>Bolsillos internos de malla para tarjetas de memoria adicionales, accesorios.<\/p>\n<p>El c\u00f3modo mango suave y las correas de hombro con bandas suavizadas te har\u00e1n sentir c\u00f3modo incluso durante el viaje m\u00e1s largo.<\/p>\n<p>Especificaciones:<\/p>\n<p>Material: Nailon<\/p>\n<p>Color: rojo<\/p>\n<p>Tama\u00f1o: 43*31*18cm<\/p>\n","protected":false},"excerpt":{"rendered":"<p>Mochila para c\u00e1mara fotogr\u00e1fica. Mochila elegante compatible con la mayor\u00eda de las c\u00e1maras DSLR. La Mochila tiene una secci\u00f3n para port\u00e1til de hasta 15,6 \u00ab. Sostiene el cuerpo de la c\u00e1mara DSLR con lente adjunta y 3-4 lentes y accesorios adicionales. Sistema de fijaci\u00f3n de tr\u00edpode. Los separadores ajustables y acolchados te permiten personalizar el [&hellip;]<\/p>\n","protected":false},"featured_media":1382,"comment_status":"open","ping_status":"closed","template":"","meta":[],"product_brand":[],"product_cat":[41,25],"product_tag":[44,48,42,47],"class_list":{"0":"post-1387","1":"product","2":"type-product","3":"status-publish","4":"has-post-thumbnail","6":"product_cat-accesorios-camara","7":"product_cat-camaras","8":"product_tag-bolso-camara-accesorios","9":"product_tag-equipaje-camara","10":"product_tag-mochila-camara","11":"product_tag-mochila-grande-camara","13":"first","14":"instock","15":"shipping-taxable","16":"purchasable","17":"product-type-simple"},"jetpack_sharing_enabled":true,"_links":{"self":[{"href":"https:\/\/merseo.online\/index.php\/wp-json\/wp\/v2\/product\/1387","targetHints":{"allow":["GET"]}}],"collection":[{"href":"https:\/\/merseo.online\/index.php\/wp-json\/wp\/v2\/product"}],"about":[{"href":"https:\/\/merseo.online\/index.php\/wp-json\/wp\/v2\/types\/product"}],"replies":[{"embeddable":true,"href":"https:\/\/merseo.online\/index.php\/wp-json\/wp\/v2\/comments?post=1387"}],"wp:featuredmedia":[{"embeddable":true,"href":"https:\/\/merseo.online\/index.php\/wp-json\/wp\/v2\/media\/1382"}],"wp:attachment":[{"href":"https:\/\/merseo.online\/index.php\/wp-json\/wp\/v2\/media?parent=1387"}],"wp:term":[{"taxonomy":"product_brand","embeddable":true,"href":"https:\/\/merseo.online\/index.php\/wp-json\/wp\/v2\/product_brand?post=1387"},{"taxonomy":"product_cat","embeddable":true,"href":"https:\/\/merseo.online\/index.php\/wp-json\/wp\/v2\/product_cat?post=1387"},{"taxonomy":"product_tag","embeddable":true,"href":"https:\/\/merseo.online\/index.php\/wp-json\/wp\/v2\/product_tag?post=1387"}],"curies":[{"name":"wp","href":"https:\/\/api.w.org\/{rel}","templated":true}]}}