{"id":1308,"date":"2025-12-19T15:21:57","date_gmt":"2025-12-19T15:21:57","guid":{"rendered":"https:\/\/merseo.online\/index.php\/product\/munecas-articulables-kpop-demon-hunter-en-caja-individual\/"},"modified":"2025-12-24T05:56:56","modified_gmt":"2025-12-24T05:56:56","slug":"munecas-articulables-kpop-demon-hunter-en-caja-individual","status":"publish","type":"product","link":"https:\/\/merseo.online\/index.php\/product\/munecas-articulables-kpop-demon-hunter-en-caja-individual\/","title":{"rendered":"Mu\u00f1ecas articulables KPOP Demon Hunter en caja individual"},"content":{"rendered":"<p>Mu\u00f1ecas Kpop articulables en caja individual<\/p>\n<p>3 dise\u00f1os \u00fanicos<\/p>\n<p>-Cada mu\u00f1eca tiene un look diferente con peinados llamativos y atuendos detallados.<\/p>\n<p>-Presentaci\u00f3n en caja<\/p>\n<p>-Articuladas: permiten posar la mu\u00f1eca para juegos creativo<\/p>\n","protected":false},"excerpt":{"rendered":"<p>Mu\u00f1ecas Kpop articulables en caja individual 3 dise\u00f1os \u00fanicos -Cada mu\u00f1eca tiene un look diferente con peinados llamativos y atuendos detallados. -Presentaci\u00f3n en caja -Articuladas: permiten posar la mu\u00f1eca para juegos creativo<\/p>\n","protected":false},"featured_media":1307,"comment_status":"open","ping_status":"closed","template":"","meta":[],"product_brand":[],"product_cat":[32],"product_tag":[],"class_list":{"0":"post-1308","1":"product","2":"type-product","3":"status-publish","4":"has-post-thumbnail","6":"product_cat-juguetes-hogar","8":"first","9":"instock","10":"sale","11":"shipping-taxable","12":"purchasable","13":"product-type-simple"},"jetpack_sharing_enabled":true,"_links":{"self":[{"href":"https:\/\/merseo.online\/index.php\/wp-json\/wp\/v2\/product\/1308","targetHints":{"allow":["GET"]}}],"collection":[{"href":"https:\/\/merseo.online\/index.php\/wp-json\/wp\/v2\/product"}],"about":[{"href":"https:\/\/merseo.online\/index.php\/wp-json\/wp\/v2\/types\/product"}],"replies":[{"embeddable":true,"href":"https:\/\/merseo.online\/index.php\/wp-json\/wp\/v2\/comments?post=1308"}],"wp:featuredmedia":[{"embeddable":true,"href":"https:\/\/merseo.online\/index.php\/wp-json\/wp\/v2\/media\/1307"}],"wp:attachment":[{"href":"https:\/\/merseo.online\/index.php\/wp-json\/wp\/v2\/media?parent=1308"}],"wp:term":[{"taxonomy":"product_brand","embeddable":true,"href":"https:\/\/merseo.online\/index.php\/wp-json\/wp\/v2\/product_brand?post=1308"},{"taxonomy":"product_cat","embeddable":true,"href":"https:\/\/merseo.online\/index.php\/wp-json\/wp\/v2\/product_cat?post=1308"},{"taxonomy":"product_tag","embeddable":true,"href":"https:\/\/merseo.online\/index.php\/wp-json\/wp\/v2\/product_tag?post=1308"}],"curies":[{"name":"wp","href":"https:\/\/api.w.org\/{rel}","templated":true}]}}