{"id":1130,"date":"2025-12-11T21:12:51","date_gmt":"2025-12-11T21:12:51","guid":{"rendered":"https:\/\/merseo.online\/index.php\/product\/teclado-gamer-retro-iluminado\/"},"modified":"2025-12-12T02:33:34","modified_gmt":"2025-12-12T02:33:34","slug":"teclado-gamer-retro-iluminado","status":"publish","type":"product","link":"https:\/\/merseo.online\/index.php\/product\/teclado-gamer-retro-iluminado\/","title":{"rendered":"Teclado gamer retro iluminado"},"content":{"rendered":"<p>Teclas Multicolor en 3 colores fijo o incultivables.<\/p>\n<p>Met\u00e1lico: Su base est\u00e1 construida en aluminio de alta resistencia<\/p>\n<p>Teclado en Espa\u00f1ol, incluye letra \u00d1<\/p>\n<p>Funci\u00f3n de inactivar LEDs<\/p>\n<p>Activar LEDS: Bot\u00f3n de luz + cualquier bot\u00f3n<\/p>\n<p>Programable para que los LEDS apaguen y enciendan<\/p>\n<p>12 Teclas Multimedia<\/p>\n<p>Dise\u00f1o ergon\u00f3mico<\/p>\n<p>Soporta multilenguaje<\/p>\n<p>Teclas s\u00faper resistentes y resistentes a l\u00edquidos<\/p>\n<p>Reclinable a una posici\u00f3n<\/p>\n<p>Dimensiones del Teclado en Cms: Ancho 46, Alto 3.5, Largo 18<\/p>\n<p>Teclado Weibo WB-539 Gamer Met\u00e1lico Tricolor<\/p>\n<p>Con este tipo de teclado tipo Gamer Met\u00e1lico, vivir\u00e1s una experiencia de juego de otro nivel gracias a sus luces LED de tres colores. Est\u00e1 dise\u00f1ado para adaptarse en ambientes oscuros proporcionando el m\u00e1ximo de rendimiento. Se convertir\u00e1 sin duda un excelente aliado a largas horas de juego o trabajo. Hecho para trabajo duro gracias a su base met\u00e1lica.<\/p>\n","protected":false},"excerpt":{"rendered":"<p>Teclas Multicolor en 3 colores fijo o incultivables. Met\u00e1lico: Su base est\u00e1 construida en aluminio de alta resistencia Teclado en Espa\u00f1ol, incluye letra \u00d1 Funci\u00f3n de inactivar LEDs Activar LEDS: Bot\u00f3n de luz + cualquier bot\u00f3n Programable para que los LEDS apaguen y enciendan 12 Teclas Multimedia Dise\u00f1o ergon\u00f3mico Soporta multilenguaje Teclas s\u00faper resistentes y [&hellip;]<\/p>\n","protected":false},"featured_media":1127,"comment_status":"open","ping_status":"closed","template":"","meta":[],"product_brand":[],"product_cat":[26,27],"product_tag":[],"class_list":{"0":"post-1130","1":"product","2":"type-product","3":"status-publish","4":"has-post-thumbnail","6":"product_cat-electronicos","7":"product_cat-tecnologia","9":"first","10":"instock","11":"sale","12":"shipping-taxable","13":"purchasable","14":"product-type-simple"},"jetpack_sharing_enabled":true,"_links":{"self":[{"href":"https:\/\/merseo.online\/index.php\/wp-json\/wp\/v2\/product\/1130","targetHints":{"allow":["GET"]}}],"collection":[{"href":"https:\/\/merseo.online\/index.php\/wp-json\/wp\/v2\/product"}],"about":[{"href":"https:\/\/merseo.online\/index.php\/wp-json\/wp\/v2\/types\/product"}],"replies":[{"embeddable":true,"href":"https:\/\/merseo.online\/index.php\/wp-json\/wp\/v2\/comments?post=1130"}],"wp:featuredmedia":[{"embeddable":true,"href":"https:\/\/merseo.online\/index.php\/wp-json\/wp\/v2\/media\/1127"}],"wp:attachment":[{"href":"https:\/\/merseo.online\/index.php\/wp-json\/wp\/v2\/media?parent=1130"}],"wp:term":[{"taxonomy":"product_brand","embeddable":true,"href":"https:\/\/merseo.online\/index.php\/wp-json\/wp\/v2\/product_brand?post=1130"},{"taxonomy":"product_cat","embeddable":true,"href":"https:\/\/merseo.online\/index.php\/wp-json\/wp\/v2\/product_cat?post=1130"},{"taxonomy":"product_tag","embeddable":true,"href":"https:\/\/merseo.online\/index.php\/wp-json\/wp\/v2\/product_tag?post=1130"}],"curies":[{"name":"wp","href":"https:\/\/api.w.org\/{rel}","templated":true}]}}