{"id":1122,"date":"2025-12-11T20:52:09","date_gmt":"2025-12-11T20:52:09","guid":{"rendered":"https:\/\/merseo.online\/index.php\/product\/joystick-gamepad-inalambrico-bluetooth-con-soporte-para-telefono-android-ios\/"},"modified":"2025-12-11T20:52:45","modified_gmt":"2025-12-11T20:52:45","slug":"joystick-gamepad-inalambrico-bluetooth-con-soporte-para-telefono-android-ios","status":"publish","type":"product","link":"https:\/\/merseo.online\/index.php\/product\/joystick-gamepad-inalambrico-bluetooth-con-soporte-para-telefono-android-ios\/","title":{"rendered":"Joystick Gamepad Inal\u00e1mbrico Bluetooth con soporte para tel\u00e9fono Android IOS"},"content":{"rendered":"<p>&#8211; JOYSTICK CON SISTEMA DE SOPORTE AJUSTABLE PARA SMARTPHONE&nbsp;<\/p>\n<p>&#8211; CONEXI\u00d3N BLUETOOTH CON UN ALCANCE DE 10 METROS.<span class=\"Apple-converted-space\">&nbsp;<\/span><\/p>\n<p>&#8211; CON EL SOPORTE TELESC\u00d3PICO. PUEDE APOYAR LOS TEL\u00c9FONOS M\u00d3VILES CON TAMA\u00d1O DE 6 PULGADAS.<span class=\"Apple-converted-space\">&nbsp;<\/span><\/p>\n<p>&#8211; SOPORTA JUEGOS CON EMULADORES DE 8 BITS.<span class=\"Apple-converted-space\">&nbsp;<\/span><\/p>\n<p>&#8211; FUNCIONA CON BATER\u00cdA DE LITIO DE 500mAH<span class=\"Apple-converted-space\">&nbsp;<\/span><\/p>\n<p>&#8211; RECARGA DE BATER\u00cdA POR microUSB (INCLUYE CABLE)<\/p>\n","protected":false},"excerpt":{"rendered":"<p>&#8211; JOYSTICK CON SISTEMA DE SOPORTE AJUSTABLE PARA SMARTPHONE&nbsp; &#8211; CONEXI\u00d3N BLUETOOTH CON UN ALCANCE DE 10 METROS.&nbsp; &#8211; CON EL SOPORTE TELESC\u00d3PICO. PUEDE APOYAR LOS TEL\u00c9FONOS M\u00d3VILES CON TAMA\u00d1O DE 6 PULGADAS.&nbsp; &#8211; SOPORTA JUEGOS CON EMULADORES DE 8 BITS.&nbsp; &#8211; FUNCIONA CON BATER\u00cdA DE LITIO DE 500mAH&nbsp; &#8211; RECARGA DE BATER\u00cdA POR microUSB [&hellip;]<\/p>\n","protected":false},"featured_media":1121,"comment_status":"open","ping_status":"closed","template":"","meta":[],"product_brand":[],"product_cat":[27,23],"product_tag":[],"class_list":{"0":"post-1122","1":"product","2":"type-product","3":"status-publish","4":"has-post-thumbnail","6":"product_cat-tecnologia","7":"product_cat-videojuegos","9":"first","10":"instock","11":"sale","12":"shipping-taxable","13":"purchasable","14":"product-type-simple"},"jetpack_sharing_enabled":true,"_links":{"self":[{"href":"https:\/\/merseo.online\/index.php\/wp-json\/wp\/v2\/product\/1122","targetHints":{"allow":["GET"]}}],"collection":[{"href":"https:\/\/merseo.online\/index.php\/wp-json\/wp\/v2\/product"}],"about":[{"href":"https:\/\/merseo.online\/index.php\/wp-json\/wp\/v2\/types\/product"}],"replies":[{"embeddable":true,"href":"https:\/\/merseo.online\/index.php\/wp-json\/wp\/v2\/comments?post=1122"}],"wp:featuredmedia":[{"embeddable":true,"href":"https:\/\/merseo.online\/index.php\/wp-json\/wp\/v2\/media\/1121"}],"wp:attachment":[{"href":"https:\/\/merseo.online\/index.php\/wp-json\/wp\/v2\/media?parent=1122"}],"wp:term":[{"taxonomy":"product_brand","embeddable":true,"href":"https:\/\/merseo.online\/index.php\/wp-json\/wp\/v2\/product_brand?post=1122"},{"taxonomy":"product_cat","embeddable":true,"href":"https:\/\/merseo.online\/index.php\/wp-json\/wp\/v2\/product_cat?post=1122"},{"taxonomy":"product_tag","embeddable":true,"href":"https:\/\/merseo.online\/index.php\/wp-json\/wp\/v2\/product_tag?post=1122"}],"curies":[{"name":"wp","href":"https:\/\/api.w.org\/{rel}","templated":true}]}}